{"id":91,"date":"2014-02-09T17:02:37","date_gmt":"2014-02-09T06:02:37","guid":{"rendered":"http:\/\/subbuteoaustralia.com\/?page_id=91"},"modified":"2024-12-31T10:46:17","modified_gmt":"2024-12-30T23:46:17","slug":"links","status":"publish","type":"page","link":"https:\/\/subbuteoaustralia.com\/?page_id=91","title":{"rendered":"Links"},"content":{"rendered":"<p>Subbuteo is played by thousands of people around the world. The following are a selection of links where you can find out further information or buy Subbuteo equipment.<\/p>\n<p><strong>Australian Table Football Association<\/strong><br \/>\n<a href=\"https:\/\/www.facebook.com\/SubbuteoAustralia\/\" target=\"_blank\">Australian Table Football Association Page on Facebook<\/a><br \/>\n<a href=\"https:\/\/www.facebook.com\/groups\/550140728430654\/\" target=\"_blank\">Australian Table Football Association Group Discussion Page on Facebook<\/a><br \/>\n<a href=\"https:\/\/twitter.com\/ATFA_Subbuteo\" target=\"_blank\">Australian Table Football Association on Twitter<\/a><\/p>\n<p><strong>World Governing Body For\u00a0Sports Table Football<\/strong><br \/>\n<a href=\"http:\/\/www.fistf.com\" target=\"_blank\">Federation of International Sports Table Football<\/a><\/p>\n<p><strong>Equipment &#8211; Where To Buy Subbuteo<\/strong><br \/>\n<em>Original Subbuteo<\/em><br \/>\nThere aren&#8217;t any retailers currently stocking original Subbuteo products in Australia. Some Good Games shops may have leftover stock as they were the last company to import the game into Australia, but you would need to contact them individually.<\/p>\n<p><em>Third Party Companies Selling Professional Table Football Equipment<\/em><br \/>\n<a href=\"https:\/\/ozflick.net\/\" target=\"_blank\">OzFlick<\/a> (Based in Australia, Steve Dettre&#8217;s online shop for bases, figures, pitches and other accessories)<br \/>\n<a href=\"https:\/\/ozflick.net\/\" target=\"_blank\"><img loading=\"lazy\" decoding=\"async\" class=\"alignnone wp-image-5735 size-medium\" src=\"http:\/\/subbuteoaustralia.com\/wp-content\/uploads\/2014\/02\/124205607_106603977931733_5302505621000006602_n-300x105.png\" width=\"300\" height=\"105\" srcset=\"https:\/\/subbuteoaustralia.com\/wp-content\/uploads\/2014\/02\/124205607_106603977931733_5302505621000006602_n-300x105.png 300w, https:\/\/subbuteoaustralia.com\/wp-content\/uploads\/2014\/02\/124205607_106603977931733_5302505621000006602_n-768x269.png 768w, https:\/\/subbuteoaustralia.com\/wp-content\/uploads\/2014\/02\/124205607_106603977931733_5302505621000006602_n-1024x359.png 1024w, https:\/\/subbuteoaustralia.com\/wp-content\/uploads\/2014\/02\/124205607_106603977931733_5302505621000006602_n-624x219.png 624w, https:\/\/subbuteoaustralia.com\/wp-content\/uploads\/2014\/02\/124205607_106603977931733_5302505621000006602_n.png 1636w\" sizes=\"auto, (max-width: 300px) 100vw, 300px\" \/><\/a><\/p>\n<p><a href=\"http:\/\/www.astrobase.eu\/en\" target=\"_blank\">Astrobase<\/a> (Manufacturer and retailer of high quality equipment, famous for their pitches &#8211; ITA)<br \/>\n<a href=\"http:\/\/www.extremeworks.it\/index.php?lang=eng\" target=\"_blank\">Extremeworks<\/a>\u00a0(Pitches, bases, goalkeepers, polish, goals &#8211; ITA)<br \/>\n<a href=\"http:\/\/shop.flickforkicks.com\/\" target=\"_blank\">Flick For Kicks<\/a> (Tables, Pitches, Team, Apparel &#8211; everything!! GBR)<br \/>\n<a href=\"http:\/\/www.flickmaster.com\/\" target=\"_blank\">Flickmaster<\/a> (manufacturer and retailer based in Argentina)<br \/>\n<a href=\"http:\/\/www.lpm-online.co.uk\/\" target=\"_blank\">Little Plastic Men<\/a> (Blank and hand painted table football teams &#8211; GBR)<br \/>\n<a href=\"http:\/\/www.mysubbuteo.com\" target=\"_blank\">My Subbuteo<\/a> (Teams, Goalkeepers, Stickers, Balls and a wide range of other accessories &#8211; GBR)<br \/>\n<a href=\"http:\/\/www.profibase.it\/\" target=\"_blank\">Profibase<\/a> (Manufacturer of beginner and professional bases and figures &#8211; ITA)<br \/>\n<a href=\"http:\/\/realsoccer-belgium.blogspot.com\/\" target=\"_blank\">Real Soccer<\/a>\u00a0(Manufactuer of bases &#8211; BEL)<br \/>\n<a href=\"http:\/\/www.stefancorda.co.uk\/\" target=\"_blank\">Stefan Corda UK<\/a> (manufacturer of replica Subbuteo equipment &#8211; GBR)<br \/>\n<a href=\"http:\/\/www.subbuteoworld.co.uk\/\" target=\"_blank\">Subbuteo World<\/a> (retailer of old and new equipment &#8211; GBR)<br \/>\n<a href=\"https:\/\/www.facebook.com\/tcha.four\" target=\"_blank\">Tcha Four<\/a>\u00a0(Manufacturer of bases &#8211; across a range of styles, plus his own custom figures &#8211; BEL)<\/p>\n<p><strong>National Association Websites<\/strong><br \/>\nEngland &#8211; <a href=\"http:\/\/subbuteoassociation.co.uk\/\" target=\"_blank\">English Subbuteo Association<\/a><br \/>\nIreland &#8211; <a href=\"http:\/\/s294044488.websitehome.co.uk\/Eire\/TFAI.htm\" target=\"_blank\">Table Football Association of Ireland<\/a><br \/>\nItaly &#8211; <a href=\"http:\/\/fisct.weebly.com\/\" target=\"_blank\">La Federazione Italiana Sport Calcio Tavolo<\/a><br \/>\nNorthern Ireland &#8211; <a href=\"http:\/\/s294044488.websitehome.co.uk\/\" target=\"_blank\">Northern Ireland Table Football Association<\/a><br \/>\nScotland &#8211; <a href=\"http:\/\/www.freewebs.com\/scottishtablefootballassociation\/\" target=\"_blank\">Scottish Table Football Association<\/a><br \/>\nSingapore &#8211; <a href=\"http:\/\/tfas.sg\/\" target=\"_blank\">Table Football Association of Singapore<\/a><br \/>\nSpain &#8211; <a href=\"http:\/\/subbuteoaefm.es\/\" target=\"_blank\">Asociaci\u00f3n Espa\u00f1ola de F\u00fatbol de Mesa<\/a><br \/>\nU.S.A. &#8211;\u00a0<a href=\"https:\/\/www.subbuteousa.com\/\" target=\"_blank\">American Subbuteo Association<\/a><\/p>\n<p>Our neighbours at the\u00a0<a href=\"https:\/\/www.nzsubbuteoassociation.com\/\"><strong>New Zealand Subbuteo Association<\/strong><\/a><\/p>\n<p><strong>Forum &#8211; Places To Discuss Subbuteo<\/strong><br \/>\n<strong>International Clubs <\/strong><br \/>\n<a href=\"http:\/\/subbuteoaustralia.com\/?page_id=2985\">International Clubs<\/a><\/p>\n<p>&nbsp;<\/p>\n","protected":false},"excerpt":{"rendered":"<p>Subbuteo is played by thousands of people around the world. The following are a selection of links where you can find out further information or buy Subbuteo equipment. Australian Table Football Association Australian Table Football Association Page on Facebook Australian Table Football Association Group Discussion Page on Facebook Australian Table Football Association on Twitter World [&hellip;]<\/p>\n","protected":false},"author":1,"featured_media":0,"parent":5,"menu_order":3,"comment_status":"open","ping_status":"open","template":"","meta":{"_eb_attr":"","footnotes":""},"class_list":["post-91","page","type-page","status-publish","hentry"],"_links":{"self":[{"href":"https:\/\/subbuteoaustralia.com\/index.php?rest_route=\/wp\/v2\/pages\/91","targetHints":{"allow":["GET"]}}],"collection":[{"href":"https:\/\/subbuteoaustralia.com\/index.php?rest_route=\/wp\/v2\/pages"}],"about":[{"href":"https:\/\/subbuteoaustralia.com\/index.php?rest_route=\/wp\/v2\/types\/page"}],"author":[{"embeddable":true,"href":"https:\/\/subbuteoaustralia.com\/index.php?rest_route=\/wp\/v2\/users\/1"}],"replies":[{"embeddable":true,"href":"https:\/\/subbuteoaustralia.com\/index.php?rest_route=%2Fwp%2Fv2%2Fcomments&post=91"}],"version-history":[{"count":47,"href":"https:\/\/subbuteoaustralia.com\/index.php?rest_route=\/wp\/v2\/pages\/91\/revisions"}],"predecessor-version":[{"id":6388,"href":"https:\/\/subbuteoaustralia.com\/index.php?rest_route=\/wp\/v2\/pages\/91\/revisions\/6388"}],"up":[{"embeddable":true,"href":"https:\/\/subbuteoaustralia.com\/index.php?rest_route=\/wp\/v2\/pages\/5"}],"wp:attachment":[{"href":"https:\/\/subbuteoaustralia.com\/index.php?rest_route=%2Fwp%2Fv2%2Fmedia&parent=91"}],"curies":[{"name":"wp","href":"https:\/\/api.w.org\/{rel}","templated":true}]}}